 11, 23, 29, 9619
What are the prime factors of 756906859?
756906859
List the prime factors of 124268075.
5, 19, 431, 607
What are the prime factors of 117642397?
17, 1721, 4021
What are the prime factors of 20930530?
2, 5, 37, 56569
List the prime factors of 771925498.
2, 8431, 45779
What are the prime factors of 243541585?
5, 7, 37, 61, 3083
What are the prime factors of 831462642?
2, 3, 46192369
What are the prime factors of 36905328?
2, 3, 85429
What are the prime factors of 72143859?
3, 24047953
What are the prime factors of 297744925?
5, 31, 384187
What are the prime factors of 161051414?
2, 80525707
What are the prime factors of 52997009?
13, 227, 17959
What are the prime factors of 542370700?
2, 5, 673, 8059
List the prime factors of 94508845.
5, 18901769
What are the prime factors of 5143074575?
5, 1033, 199151
List the prime factors of 118373073.
3, 7, 13, 8849
List the prime factors of 2802196000.
2, 5, 19, 36871
What are the prime factors of 19943559?
3, 19, 223, 523
List the prime factors of 1091793953.
14969, 72937
List the prime factors of 148076205.
3, 5, 17, 580691
List the prime factors of 320352192.
2, 3, 67, 2767
What are the prime factors of 237243205?
5, 269, 176389
What are the prime factors of 662887202?
2, 331443601
What are the prime factors of 69636257?
37, 643, 2927
List the prime factors of 299538879.
3, 99846293
What are the prime factors of 45364237?
53, 571, 1499
What are the prime factors of 84109711?
7, 307, 39139
What are the prime factors of 37378154?
2, 11, 1699007
What are the prime factors of 3796021423?
419, 9059717
What are the prime factors of 315572825?
5, 61, 206933
List the prime factors of 20330804.
2, 13, 23, 89, 191
List the prime factors of 138491775.
3, 5, 17, 149
List the prime factors of 294538009.
7057, 41737
List the prime factors of 47146332.
2, 3, 521, 7541
What are the prime factors of 351783126?
2, 3, 19543507
List the prime factors of 402920500.
2, 5, 349, 2309
What are the prime factors of 62890336?
2, 1965323
List the prime factors of 147997666.
2, 1489, 49697
List the prime factors of 1882280736.
2, 3, 7, 933671
What are the prime factors of 69464190?
2, 3, 5, 19, 121867
What are the prime factors of 347003064?
2, 3, 181, 26627
List the prime factors of 1010808502.
2, 11, 45945841
List the prime factors of 6390893.
6390893
List the prime factors of 45215279.
1103, 40993
What are the prime factors of 2019139012?
2, 11, 487, 94229
What are the prime factors of 358631981?
358631981
What are the prime factors of 43414738?
2, 53, 409573
List the prime factors of 1783218024.
2, 3, 7, 101, 11677
List the prime factors of 1366455033.
3, 179, 848203
List the prime factors of 56056561.
11, 89, 57259
List the prime factors of 35874588.
2, 3, 61, 49009
List the prime factors of 299186272.
2, 7, 11, 29, 53, 79
List the prime factors of 151912175.
5, 41, 148207
List the prime factors of 183394378.
2, 983, 93283
What are the prime factors of 6083618775?
3, 5, 13, 251, 24859
List the prime factors of 161955459.
3, 29, 620519
What are the prime factors of 84867423?
3, 43, 139, 4733
List the prime factors of 6885703251.
3, 7, 113, 967229
What are the prime factors of 457684179?
3, 19, 1171, 6857
List the prime factors of 421450059.
3, 140483353
List the prime factors of 462218205.
3, 5, 157, 196271
What are the prime factors of 59863252?
2, 83, 180311
What are the prime factors of 770196800?
2, 5, 481373
List the prime factors of 1345574719.
1345574719
List the prime factors of 144157447.
7, 20593921
What are the prime factors of 321621837?
3, 1709, 62731
List the prime factors of 31435736.
2, 31, 126757
List the prime factors of 85560528.
2, 3, 1782511
List the prime factors of 1688428841.
11, 43, 509, 7013
List the prime factors of 583025213.
583025213
What are the prime factors of 490931650?
2, 5, 11, 892603
List the prime factors of 330222225.
3, 5, 37, 127, 937
List the prime factors of 19365707.
29, 23027
List the prime factors of 1127427822.
2, 3, 47, 148073
What are the prime factors of 4376933998?
2, 59, 307, 120823
List the prime factors of 1883548930.
2, 5, 199, 946507
What are the prime factors of 53526998?
2, 7, 293, 13049
What are the prime factors of 206345823?
3, 68781941
What are the prime factors of 7725014?
2, 11, 31, 47, 241
What are the prime factors of 876631998?
2, 3, 11, 13282303
List the prime factors of 10770391.
59, 182549
List the prime factors of 44216124.
2, 3, 3684677
List the prime factors of 1050221542.
2, 19, 37, 746957
List the prime factors of 150207188.
2, 659, 56983
List the prime factors of 192116824.
2, 47, 89, 5741
What are the prime factors of 11764079?
11764079
List the prime factors of 215033837.
73, 2945669
What are the prime factors of 38631112?
2, 13, 371453
What are the prime factors of 518538601?
7, 1999, 37057
What are the prime factors of 35651884?
2, 8912971
List the prime factors of 34192996.
2, 23, 371663
List the prime factors of 829148868.
2, 3, 23031913
What are the prime factors of 46229041?
46229041
List the prime factors of 3333352019.
3623, 920053
List the prime factors of 648892407.
3, 216297469
List the prime factors of 2170723543.
2170723543
List the prime factors of 1261439932.
2, 315359983
What are the prime factors of 1206355?
5, 241271
What are the prime factors of 13403094?
2, 3, 19, 117571
List the prime factors of 741155955.
3, 5, 43, 89, 12911
What are the prime factors of 108146557?
108146557
List the prime factors of 776054323.
11, 70550393
List the prime factors of 614567498.
2, 23, 31, 631, 683
List the prime factors of 4549608564.
2, 3, 23, 16484089
List the prime factors of 3990479383.
11, 89, 4076077
What are the prime factors of 67831162?
2, 7, 31, 73, 2141
List the prime factors of 50987359.
50987359
List the prime factors of 6773286415.
5, 7, 37, 97, 7703
List the prime factors of 389878738.
2, 5387, 36187
What are the prime factors of 93176890?
2, 5, 61, 103, 1483
What are the prime factors of 126585542?
2, 63292771
What are the prime factors of 549443897?
61, 9007277
What are the prime factors of 1820028589?
439, 4145851
What are the prime factors of 726553197?
3, 80728133
What are the prime factors of 24398580?
2, 3, 5, 151, 2693
What are the prime factors of 47825458?
2, 71, 336799
List the prime factors of 261831713.
11, 13, 53, 179, 193
What are the prime factors of 99690729?
3, 33230243
List the prime factors of 271090353.
3, 163, 554377
List the prime factors of 54648969.
3, 18216323
What are the prime factors of 40730515?
5, 7, 166247
List the prime factors of 926008184.
2, 5189, 22307
List the prime factors of 9102212616.
2, 3, 7, 139, 389783
What are the prime factors of 3741306016?
2, 7, 79, 30203
What are the prime factors of 96100672?
2, 1501573
What are the prime factors of 891367542?
2, 3, 13, 1171, 3253
List the prime factors of 50962090.
2, 5, 17, 299777
What are the prime factors of 300798859?
31, 3109, 3121
List the prime factors of 2668703512.
2, 333587939
What are the prime factors of 100672298?
2, 19, 1471, 1801
List the prime factors of 217788391.
67, 3250573
What are the prime factors of 1646846594?
2, 43, 997, 19207
What are the prime factors of 3831832345?
5, 11, 31, 2247409
What are the prime factors of 78152587?
17, 47, 97813
What are the prime factors of 176925983?
13, 13609691
List the prime factors of 132047771.
83, 1590937
What are the prime factors of 733958917?
41, 701, 25537
What are the prime factors of 328079431?
521, 629711
List the prime factors of 49606229.
593, 83653
List the prime factors of 88459808.
2, 2764369
List the prime factors of 38063342.
2, 43, 89, 4973
List the prime factors of 728228936.
2, 31, 2936407
List the prime factors of 4295191519.
4295191519
List the prime factors of 30685784.
2, 31, 123733
List the prime factors of 142354025.
5, 11, 53, 9767
What are the prime factors of 356583842?
2, 2671, 66751
What are the prime factors of 124564801?
103, 1209367
List the prime factors of 73829638.
2, 151, 1619
What are the prime factors of 230112356?
2, 193, 347, 859
List the prime factors of 2081510806.
2, 1040755403
List the prime factors of 76352119.
76352119
What are the prime factors of 55154137?
17, 3244361
List the prime factors of 897971465.
5, 1297, 13846